e (-11)/((-308)/(-21))*(-8)/j. Suppose -3*t + 640 = n*t. What is the tens digit of t?
2
Let r = 43995 + 19226. What is the tens digit of r?
2
Let i(j) = -104*j + 25. Let v be i(-2). Suppose d - v - 114 = -s, 3*s = 3*d + 1065. What is the tens digit of s?
5
Suppose -f + 78 = -3*a - 76, 3*a - 281 = -2*f. Suppose 4*b = -b + f. Let q = b - 11. What is the units digit of q?
8
Suppose 5*j - 3353 = -w + 1313, -2*w + 2*j + 9392 = 0. What is the tens digit of w?
9
Suppose 2*b - a = a + 10, 2*a - 8 = -4*b. Suppose 0 = -h + 2*h + b*z - 116, 0 = 4*h + 3*z - 437. Let s = 217 - h. What is the hundreds digit of s?
1
Let k = 15360 - -6593. What is the thousands digit of k?
1
Let r be 5/((-100)/8)*-5795. Suppose g - 6*g + r = -o, -4*g = o - 1858. What is the units digit of g?
4
Suppose -14*j + 22*j - 3312 = 0. Let a = 886 - j. What is the hundreds digit of a?
4
What is the units digit of ((-787435)/(-20) - 1) + ((-215)/20 - -11)?
1
Suppose 0*i - 3*b + 69 = -2*i, -b - 117 = 4*i. Let s = -28 - i. What is the tens digit of s/3 - 700/(-30)?
2
Let d(f) = -3177*f + 2036. What is the ten thousands digit of d(-5)?
1
What is the units digit of 8 - 1 - (2922740/(-59) + (-136)/4012)?
5
Suppose -133*m = -129*m + 224. What is the tens digit of (-2716)/m + (2/(-4) - 0)?
4
Let q(p) = -p + 11. Let f be q(2). Let g be 3/f - 8596/(-6). Suppose -8*r - 33 = -g. What is the units digit of r?
5
Let k(z) = 2*z - 1. Suppose -2*m = -10 - 8. Let b be (7 - m)*(0 + 26/(-4)). What is the units digit of k(b)?
5
Let f(q) = 10*q**2 + 13*q + 29. Suppose -5*y - 2*c - 565 = 0, -2*y - 2*c - 452 = 2*y. Let v = y - -108. What is the units digit of f(v)?
4
Let d(c) = -2*c + 17. Let b be d(-2). Suppose -b = -j + 192. What is the tens digit of j?
1
Suppose -3*q = 134 - 515. Suppose w - 17 = 2*k + 48, -q = -2*w + k. What is the units digit of w?
3
Let h(k) = k**2 - 2*k + 2. Let m be h(2). Let g(p) = p**2 + p - 3. Let b be g(m). What is the units digit of (b - 40/15)*186?
2
Let n(c) = 6*c + 106. Let p be n(-17). What is the tens digit of 490/p + 7/(-14)?
2
Let v(q) = 91*q**3 - 4*q**2 - 3*q - 4. Let f(u) = -90*u**3 + 4*u**2 + 4*u + 5. Let a(h) = 5*f(h) + 6*v(h). What is the tens digit of a(1)?
9
Suppose 2*p - j - 161 = -p, j = -4*p + 217. Let z be (2 + -3)/(3/p). What is the units digit of (-1 - 1)*9/z?
1
Suppose 0 = -12*u - 12729 + 54297. What is the thousands digit of u?
3
Suppose 2*g = -4*b + 21099 + 8071, b + 4*g - 7275 = 0. What is the units digit of b?
5
Let m be (1 + 4)/(15/12). Suppose -p + 2394 = 5*b - 125, 0 = -4*b + m*p + 1996. What is the tens digit of b?
0
What is the tens digit of 2 + (1 + -381)*(-1200)/250?
2
Let i(y) = y**3 + 18*y**2 - 16*y - 31. Suppose 0 = -4*w + 4*m - 56, -m + 23 = 2*w - 4*w. Let g be 2 - (-177)/w - (-3)/(-9). What is the hundreds digit of i(g)?
2
Suppose -30*k + 584323 = -537047. What is the thousands digit of k?
7
Let h(u) = -u**3 + 6*u**2 + 13*u - 27. Let g be h(7). Suppose 0 = 2*f - 0 - 2. What is the units digit of (g/(-30))/(f/(-110))?
5
Let k(r) = 36507*r - 860. What is the units digit of k(1)?
7
Suppose -32 = -14*j + 10*j. Let u(p) = 58*p - 22. What is the hundreds digit of u(j)?
4
Suppose 12*d - 471 - 1641 = 0. Suppose 60*p - 61*p - 1 = 0, -d = -3*f + 5*p. What is the units digit of f?
7
Let w be (96/(-90) + 4/10)*45. What is the tens digit of (-26)/(-52)*w/2*-146?
9
Suppose 10565 = 5*p - u, 6*p + 10565 = 11*p - 5*u. What is the units digit of p?
3
Let r(d) = d**3 + 71*d**2 + 324*d - 81. What is the thousands digit of r(-62)?
4
Let q = 42 - 40. Suppose q*f + 217 = -d, 2*f - d + 5*d + 232 = 0. Let u = 193 + f. What is the units digit of u?
7
Let u(h) = -118*h - 51. Suppose -15*b - 40 = 5*v - 10*b, 0 = -4*v - 3*b - 31. What is the hundreds digit of u(v)?
7
Let f be (-8 - -13)*(-6)/(-15)*-1. Suppose -4*o + 3*o = 0. What is the units digit of (82 - o) + (-7 - f)?
7
Let s(r) = r**2 + 3. Let p(t) = -40*t**2 - 11*t - 6. Let x(j) = -p(j) + 5*s(j). What is the units digit of x(-3)?
3
Suppose 0 = 4*k, -2*a + 2*k = 191 + 173. What is the tens digit of 28/a + (-3124)/(-26)?
2
Let u be ((-10)/35)/(4/(-28)). What is the tens digit of u/9 - 105020/(-531)?
9
Suppose 7376*l - 7361*l = 90225. What is the tens digit of l?
1
What is the units digit of -74452*((1 - -6) + 2*(-232)/64)?
3
Let a be (2 - (1 - -4))*9/(-3). Suppose 0 = 3*f - a - 27. Suppose 4*z - 6 = -5*r + 8, 3*z + f = 0. What is the units digit of r?
6
Let u(v) = -v**3 + 2*v**2 + 11*v - 10. Let g be u(4). Suppose 804 = x + 2*p, -g*x = p - 3*p - 1596. What is the tens digit of (-6)/(-9) + x/15?
5
Let k = -257 + 371. Let y = -4087 + 4090. Let s = k + y. What is the tens digit of s?
1
Let b = -20089 - -47125. What is the units digit of b?
6
Let u = -139 + 104. Let l be ((-1)/2 - u/(-10)) + 81. Suppose s + l = a - 3*s, -2*s = 4*a - 218. What is the tens digit of a?
5
Let y(u) = 2*u + 1. Let k(g) = -28*g + 38. Let x(c) = k(c) - 3*y(c). What is the units digit of x(-5)?
5
Suppose 4*u + 13*u = -9180. Let y = u + 911. What is the units digit of y?
1
Let o(c) = 27*c + 16. Let t be o(-9). Let y = t + 333. What is the hundreds digit of y?
1
Suppose -74488 - 16744 = -8*c. Suppose 0 = -14*s + c - 2178. What is the units digit of s?
9
Let f(w) = -w**3 + 10*w**2 - w - 3. Let i(o) = -4*o. Let h be i(3). Let v be 4 + -1 + 8/h*-3. What is the units digit of f(v)?
7
Suppose -3194 - 1638 = -4*k + 4*g, -5*g + 6070 = 5*k. Let z = k + -517. What is the units digit of z?
4
Let x(k) = 38*k**3 - 5*k**2 + 26*k - 24. What is the tens digit of x(5)?
3
Let v(q) = -524*q**3 + 9*q**2 + 4*q + 5. What is the tens digit of v(-2)?
2
What is the ten thousands digit of (202901 - -16)/13 - -7?
1
Let r(z) = -41*z**3 + z + 5. Let x be r(-3). Suppose 3119 = 5*w + x. What is the tens digit of w?
0
Suppose 776847 = 56*c - 1275011 - 49766. What is the hundreds digit of c?
5
Suppose -2*o - 107 - 69 = 0. Let n = o - -91. Suppose 5*t - 434 = n*t + 4*s, 3*t + 4*s = 601. What is the units digit of t?
7
Let n(d) = 6*d + 3. Let x(l) = l**2 - 7*l - 1. Let r be x(7). Let u be n(r). What is the hundreds digit of 566/4 - (u/6 + 1)?
1
Let f(t) = -5*t**2 - 174*t + 42. Let z be f(-35). Let l be -66*(-3)/(-9)*49. What is the tens digit of (1/(-2))/(z/l)?
7
Suppose 2768 = 4*u + 9*j - 6*j, 2*u + j - 1386 = 0. Let h = -362 + u. What is the tens digit of h?
3
Let n be (1 - 3)/((-2)/10). Suppose n*h = 14*h - 8. Suppose -h*f = 2*f - 192. What is the units digit of f?
8
Suppose 8*a - 2524 = 3*a - 4*i, 0 = -5*i - 20. Let l = a - -303. What is the units digit of l?
1
Let b = 97 + 32. Let t = 619 - b. What is the hundreds digit of t?
4
Let v(m) = 17 + 33*m - 79*m - 63*m - 8. Let t be v(3). Let j = t - -531. What is the tens digit of j?
1
Let y = -44736 + 120519. What is the hundreds digit of y?
7
Suppose 3*g - 5495 = -4*g. Suppose 4*x = -r + g, -4*r = x + x - 382. Let t = x - 44. What is the tens digit of t?
5
Suppose -17*b + 145483 = 3*b - b. What is the hundreds digit of b?
6
Suppose -394*y + 440*y = 92. Let w be (27/6)/((-1)/(-38)). Suppose -t - 3*d = -88, -y*t + w = -d + 2*d. What is the tens digit of t?
8
Let d = -94 + 74. Suppose 0 = -5*b + 15, -b - 3 = 3*k - 27. What is the units digit of 0/k + (3 - d)?
3
Let t(m) = -5*m**3 - 17*m**2 + 11*m - 8. Let v(z) = -6*z**3 - 17*z**2 + 12*z - 9. Let c(b) = -7*t(b) + 6*v(b). What is the hundreds digit of c(14)?
5
What is the ten thousands digit of (3/3)/(11663478/777564 + -15)?
4
Let x(v) = v**3 - v**2 + 57*v + 5665. What is the hundreds digit of x(0)?
6
Suppose -18*p + 14*p = -4. Let s be 32 - (p - -7)/2. What is the units digit of (-2)/8 - (-2387)/s?
5
What is the tens digit of ((-1)/4)/(67/(-3258076))?
5
Suppose 2*y - 25350 = -2*z, 4*y - 18679 = 4*z + 31997. What is the hundreds digit of y?
6
Let v(d) be the first derivative of 8*d**3/3 + 3*d**2/2 - 21*d - 41. What is the hundreds digit of v(-8)?
4
Let c(i) = -14*i - 5. Let k be c(-2). Let w = k + -3. What is the tens digit of (w/3)/((-60)/(-27) - 2)?
3
Let f(s) = 65*s**3 - 2*s**2 - 2*s + 3. Let l be f(1). Suppose 8*i + l = -152. What is the units digit of i/(-45) - (-934)/10?
4
Let q(h) = 8*h**2 - 10*h + 83. What is the hundreds digit of q(-30)?
5
Let w be ((-6)/(-9)*1)/((-2)/(-51)). Suppose w*x = 34*x - 17153. What is the thousands digit of x?
1
Let o be (-4)/(-8)*17*(3 + -5). Wh